 10*f + 13. Let z be k(11). Let c = z + -1. What is the greatest common factor of y and c?
1
Suppose 16 = 2*l - 4. Let n be (-13)/3 + (-1)/(-3). Let z be (-10)/n*(2 + 0). What is the highest common divisor of z and l?
5
Suppose -2*y + 106 = 5*s + 10, -4*s + 3*y = -86. Let o be 3/6*4*2. Calculate the highest common factor of s and o.
4
Let d(l) = l**2 + 3*l + 9. Let j be d(-6). Let r be j/6*8/6. Let c be -7 + r - (-72)/2. What is the highest common factor of 14 and c?
7
Suppose 3*z = -4*z + 154. What is the greatest common divisor of 2 and z?
2
Let z(n) = -n**3 + n + 1. Let u be z(0). Suppose 3*v + 15 = -3. Let c be (-46)/v - 1/(-3). Calculate the greatest common factor of u and c.
1
Suppose -4*t = -30 - 78. Calculate the greatest common divisor of t and 9.
9
Let c = -27 - -29. Calculate the highest common divisor of 38 and c.
2
Suppose 2*o + o - 42 = 0. Calculate the greatest common divisor of 84 and o.
14
Suppose -2*f + 5 = -f. Suppose -f*x + 4*h = 32, 5*x + 14 = -3*h + 3. Let o = 13 + x. Calculate the highest common factor of 3 and o.
3
Let u be (-22)/(-55) + (-748)/(-5). What is the greatest common divisor of u and 10?
10
Suppose f + 73 = 271. What is the greatest common factor of 18 and f?
18
Let k = -2 - -12. Suppose 0 = c + k - 32. Let n be 5/3 - (-1)/3. What is the highest common divisor of n and c?
2
Suppose -5 + 15 = -2*w + 4*g, 5*w + 3*g = 40. Suppose 2*i - 133 = -3*z, -3*z + 179 = z + i. Calculate the highest common divisor of w and z.
5
Suppose -4*f = f + 75. Let m = f + 26. Suppose -1 = -3*t + m. Calculate the greatest common factor of t and 28.
4
Let c be 1*38 - (5 - 6). Let h = -26 + c. What is the highest common factor of 13 and h?
13
Suppose f + 135 = -3*p, 3*p + 107 = p + 5*f. Let r = -27 - p. Let k be (-570)/9*24/(-20). Calculate the highest common divisor of k and r.
19
Suppose 0 = 5*t + 25 - 55. Calculate the highest common factor of t and 2.
2
Suppose 5*i - 51 = -3*y, 3*y - 7*y + 57 = 3*i. What is the highest common factor of y and 84?
12
Suppose 0 = -2*f + 3*f + 109. Let j = -77 - f. Suppose -2*m - 3*m = -40. Calculate the highest common factor of m and j.
8
Let r be (2*1)/(7 - 5) + 15. Calculate the highest common divisor of r and 144.
16
Suppose 0*u - 5*u - 30 = 0. Let r be (u/(-12))/((-1)/(-24)). What is the greatest common divisor of r and 6?
6
Let y be 2/6 - (-536)/12. Let j = 77 - y. Calculate the highest common divisor of j and 48.
16
Let u be ((-54)/8)/((-5)/20). Suppose 3*g + 3*f - 1 = 14, 3*g + 5*f - 19 = 0. Calculate the highest common divisor of u and g.
3
Suppose 5*v - 24 = 246. What is the greatest common factor of v and 6?
6
Let o = 39 + -9. Suppose 2*p + 6 = 0, 3*a = -0*p + 2*p + 231. Calculate the greatest common factor of o and a.
15
Let t be (15/(-2))/(7/(-14)). What is the greatest common factor of 30 and t?
15
Let q = 9 + 6. Let c be (-30)/6*(-2 - -1). Calculate the greatest common divisor of q and c.
5
Let i(d) = -d**2 + 22*d + 4. Let q be i(22). Let h be 2/7 - 306/(-7). Calculate the highest common divisor of q and h.
4
Let m be -3*(-1 + 0)*1. Suppose 4*q - q - 48 = 4*y, -2*y + 18 = 2*q. Calculate the highest common factor of m and q.
3
Let u(i) = -15*i - 3. Let v be u(-3). Let d be (90/(-12) - -4)*-6. Calculate the highest common divisor of d and v.
21
Suppose -78 - 2 = -5*b. Suppose -316 = -3*c - 5*a, 4*c - a - 468 = 4*a. What is the greatest common divisor of c and b?
16
Suppose 5*n + 15 = -5*d, 0 = -5*d + 5*n + 14 + 11. Let t(o) = -15*o - 1. Let p be t(-1). Let i = p + -6. What is the greatest common divisor of d and i?
1
Let v = 87 - 71. What is the highest common factor of 64 and v?
16
Let s be 2/((-51)/(-15) + -3). Suppose s*a + 20 = h - 2*h, 4*h - 2*a = 30. What is the greatest common divisor of h and 1?
1
Suppose n = 1 + 1. Suppose 4*p = 5*f - 0*f - n, -p + 10 = 4*f. Calculate the highest common factor of 18 and p.
2
Let r(k) = -4*k + 3. Let g be r(6). Suppose -20 = -5*u, -3*h - 3*u = -7*h. Let c = h - g. Calculate the highest common divisor of c and 6.
6
Suppose 3*p - 4*p = -5. Let n = -37 + 38. What is the greatest common factor of p and n?
1
Suppose -2*o + 4 + 6 = 0. Let d = 8 - -32. What is the greatest common divisor of o and d?
5
Let y = 73 + -38. What is the highest common factor of y and 14?
7
Let c = 8 + -6. Suppose -5*f = c*z, z + 4 = -1. Calculate the highest common divisor of f and 6.
2
Let a be (-4)/6 + 4/(-3). Let w(c) = c**2. Let z be w(a). Let m = 65 - 29. What is the greatest common factor of m and z?
4
Suppose 4 + 6 = -4*l + 3*o, 6 = 4*l + 5*o. Let f be -12*l*(-12)/(-16). Calculate the highest common factor of 6 and f.
3
Let g(p) = p + 1. Let x be g(1). Suppose -x*j + 47 = -3*c, c + 0*j - j = -16. Let n = c + 23. Calculate the highest common divisor of 32 and n.
8
Let i(d) = -d + 3. Let o be i(0). Suppose -2*v - 3 = v, -4*c + 59 = -3*v. Let w be (10/4 + -1)*c. Calculate the greatest common factor of w and o.
3
Let r(s) be the first derivative of 2*s**3 + 2. Let h be r(2). What is the greatest common factor of h and 16?
8
Suppose 44 = 2*s + 4*d - 6*d, -38 = -2*s + 4*d. Calculate the greatest common factor of s and 100.
25
Let k = 65 - 62. Calculate the highest common factor of k and 9.
3
Let f(d) = 6 - d**2 - 5*d + d**2 + d**2. Let u be (-4)/12 - 32/(-6). Let j be f(u). Calculate the highest common factor of 2 and j.
2
Let n be (79 - 3) + 0/3. Suppose -n + 16 = -5*v - 4*o, 4*v - 3*o = 48. Let k = -14 + 22. Calculate the greatest common divisor of v and k.
4
Let s = -52 - -94. Calculate the greatest common divisor of 7 and s.
7
Suppose 191 - 11 = 3*a. Let n(i) = 15*i**3 - i**2 + 2*i - 1. Let k be n(1). Calculate the greatest common divisor of a and k.
15
Let u be (9/(-12))/((-1)/(-32)). Let f = 45 + u. What is the greatest common factor of f and 14?
7
Suppose -3*n - 3*x = -993, 4 = -x + 3*x. What is the greatest common factor of 47 and n?
47
Suppose -5*x = -10*x - 55. Let f be 11720/88 - (-2)/x. Calculate the greatest common divisor of 19 and f.
19
Suppose 3*o = -o + 240. What is the highest common divisor of o and 12?
12
Let u be (-9)/((42/4)/(-7)). What is the highest common divisor of u and 6?
6
Suppose 0 = 3*d - 2*x - 3*x + 1, 0 = -2*d + 3*x. Suppose -2*t = d*s + 1, 3*s - 18 - 16 = 5*t. What is the greatest common factor of s and 27?
3
Suppose 0 = 3*p + 2*p - 975. What is the highest common factor of p and 15?
15
Suppose -m + 11 = -1. Let g be (10/(-4))/(2/(-24)). What is the greatest common factor of g and m?
6
Let v be 12*3*((-28)/12 + 3). Suppose 4*u = -0*u + 252. Suppose 2*c = -3*d + 33, -5*c - 2*d = -d - u. What is the greatest common factor of c and v?
12
Let f = 0 - -3. Suppose 0*y = -f*y + o - 83, -2*y + 3*o - 60 = 0. Let m = y + 38. Calculate the greatest common divisor of 99 and m.
11
Let j(g) = -g**3 + 10*g**2 - 3*g - 16. Let i be j(7). Let n be ((-10)/1)/(1 - 2). What is the greatest common factor of i and n?
10
Let u(k) = k**3 + 7*k**2 - 3*k - 13. Let d be u(-7). Let a be -1*(-6)/4*-2. Let v = d + a. Calculate the greatest common divisor of v and 45.
5
Let f be 24/2 - 1 - 1. Let n(j) = -2 + 5*j + j**3 + 2*j + 9*j**2 - 4. Let q be n(-8). What is the highest common divisor of f and q?
2
Let r(t) = -2*t**2 - 16*t + 17. Let y be r(-8). What is the highest common divisor of 153 and y?
17
Suppose 0 + 4 = j. Suppose 0 = 5*g - 5*r - 110, -3*g - j*r + 56 = -5*r. What is the greatest common factor of 119 and g?
17
Let f(z) = z**3 - 5*z**2 - 4*z + 2. Let d be f(6). Let r = -11 + d. Calculate the greatest common factor of 24 and r.
3
Let l = -1 + 3. Suppose 0 = -l*f - 0*f + 162. What is the greatest common divisor of 9 and f?
9
Suppose 0 = 3*p - p - 108. What is the highest common factor of p and 135?
27
Let a(k) = 9*k - 17. Let w be a(17). What is the greatest common divisor of 17 and w?
17
Suppose -4*f = -98 + 74. What is the greatest common factor of f and 78?
6
Suppose 112 = l - 2*k - 2*k, -3*l + 4*k + 376 = 0. What is the greatest common divisor of l and 12?
12
Let f(g) = 2*g**2 - 3*g + 1. Let c be f(2). Let x(q) = 0 + 3 - q - 4. Let r be x(-7). Calculate the greatest common factor of r and c.
3
Suppose -4*w - 2*p - 40 = 0, -3*w + p - 14 - 26 = 0. Let d = 23 + w. Calculate the greatest common factor of d and 77.
11
Let m(v) = 2*v**2 + 3*v + 2. Let g be m(-2).